{"id":28,"date":"2016-09-13T13:16:23","date_gmt":"2016-09-13T13:16:23","guid":{"rendered":"http:\/\/riviera.web38.neutech.fi\/index.php\/lunch\/"},"modified":"2026-01-13T21:39:41","modified_gmt":"2026-01-13T19:39:41","slug":"lunch","status":"publish","type":"page","link":"https:\/\/www.riviera.fi\/?page_id=28","title":{"rendered":"Lounas"},"content":{"rendered":"<p>Lounas<\/p>\n<p>Tarjoilemme lounasta tiistaista perjantaihin kello 11-15. Pizzalounaan hintaan kuuluu alkusalaatti, 0,33l virvoitusjuoma (hanajuoma) sek\u00e4 ruoan j\u00e4lkeen kahvi tai tee.<br \/>\nTilaamalla pizzat puhelimella etuk\u00e4teen varmistat nopean ruokailun.<\/p>\n<p>Tulostettava lounaslista<\/p>\n<p>Pizzalounaamme15,00\u20ac\u00a0<\/p>\n<p>Lounaspizzat<\/p>\n<p>Tomaatti, juusto, jauheliha<\/p>\n<p>Tomaatti, juusto, kinkku<\/p>\n<p>Tomaatti, juusto, anjovis, oliivit,\u00a0kapris, valkosipuli<\/p>\n<p>Tomaatti, juusto, kinkku, tonnikala<\/p>\n<p>Tomaatti, juusto, kinkku,\u00a0herkkusienet<\/p>\n<p>Tomaatti, juusto, herkkusienet<\/p>\n<p>Tomaatti, juusto, kinkku, katkaravut<\/p>\n<p>Tomaatti, juusto, anjovis, oliivi<\/p>\n<p>Tomaatti, juusto<\/p>\n<p>Tomaatti, juusto, tonnikala<\/p>\n<p>Toinen puoli: tomaatti, kinkkuToinen puoli: Juusto, katkaravut, simpukat<\/p>\n<p>Tomaatti, juusto, salami<\/p>\n<p>Tomaatti, juusto, tonnikala, katkaravut, simpukat<\/p>\n<p>Tomaatti, juusto, herkkusienet, paprika, persilja, oliivi<\/p>\n<p>Tomaatti, juusto, herkkusienet, katkaravut<\/p>\n<p>Tomaatti, juusto, tonnikala, katkaravut, ananas<\/p>\n<p>Tomaatti, juusto, kinkku, ananas, persikka<\/p>\n<p>Lis\u00e4tietoja tarjoiltavista annoksista sek\u00e4 allergioita ja intoleransseja aiheuttavista aineista ja tuotteista saa henkil\u00f6kunnalta.(EU-asetus 1169\/2011)<\/p>\n<p><!-- {\"name\":\"Home\",\"type\":\"layout\",\"children\":[{\"name\":\"Menu\",\"type\":\"section\",\"props\":{\"width\":\"default\",\"padding\":\"large\",\"style\":\"default\",\"padding_remove_top\":false,\"image_size\":\"cover\",\"image_position\":\"center-center\",\"image\":\"wp-content\\\/uploads\\\/lounas_bg.jpg\",\"image_fixed\":true,\"header_transparent\":\"\",\"animation\":\"fade\",\"css\":\"\",\"vertical_align\":\"middle\",\"title_position\":\"top-left\",\"title_rotation\":\"left\",\"title_breakpoint\":\"xl\",\"image_width\":\"1920\",\"image_effect\":\"fixed\"},\"children\":[{\"name\":\"\",\"type\":\"row\",\"props\":{\"fixed_width\":\"large\",\"breakpoint\":\"m\",\"layout\":\"1-1\"},\"children\":[{\"name\":\"\",\"type\":\"column\",\"props\":{\"widths\":[\"1-1\"],\"image_position\":\"center-center\",\"style\":\"default\",\"padding\":\"large\",\"css\":\"\"},\"children\":[{\"name\":\"\",\"type\":\"headline\",\"props\":{\"title_element\":\"h1\",\"content\":\"Lounas\",\"text_align\":\"center\",\"title_style\":\"\"}},{\"name\":\"\",\"type\":\"text\",\"props\":{\"column_breakpoint\":\"m\",\"margin\":\"large\",\"content\":\"\n\n<p>Tarjoilemme lounasta tiistaista perjantaihin kello 11-15. Pizzalounaan hintaan kuuluu alkusalaatti, 0,33l virvoitusjuoma (hanajuoma) sek\\u00e4 ruoan j\\u00e4lkeen kahvi tai tee.<\\\/p>\\n\n\n<p>Tilaamalla pizzat puhelimella etuk\\u00e4teen varmistat nopean ruokailun.<\\\/p>\",\"text_align\":\"center\",\"text_align_breakpoint\":\"\",\"maxwidth\":\"large\",\"maxwidth_align\":\"center\",\"margin_remove_top\":false,\"margin_remove_bottom\":true}},{\"name\":\"\",\"type\":\"button\",\"props\":{\"gutter\":\"small\",\"margin\":\"default\",\"text_align\":\"center\",\"margin_remove_top\":false},\"children\":[{\"name\":\"\",\"type\":\"button_item\",\"props\":{\"button_style\":\"primary\",\"icon_align\":\"left\",\"link_title\":\"\",\"content\":\"Tulostettava lounaslista\",\"link_target\":\"blank\",\"link\":\"wp-content\\\/uploads\\\/Lounaslista25.pdf\"}}]},{\"name\":\"\",\"type\":\"text\",\"props\":{\"column_breakpoint\":\"m\",\"margin\":\"large\",\"content\":\"\n\n<p>Pizzalounaamme<br \\\/><strong>15,00\\u20ac\\u00a0<\\\/strong><\\\/p>\",\"text_align\":\"center\",\"text_align_breakpoint\":\"\",\"maxwidth\":\"large\",\"maxwidth_align\":\"center\",\"margin_remove_top\":true,\"text_size\":\"large\"}},{\"name\":\"\",\"type\":\"headline\",\"props\":{\"title_element\":\"h2\",\"content\":\"Lounaspizzat\",\"title_style\":\"h3\",\"title_decoration\":\"\",\"text_align\":\"center\",\"margin_remove_top\":false,\"margin\":\"small\",\"margin_remove_bottom\":false}},{\"name\":\"\",\"type\":\"divider\",\"props\":{\"divider_element\":\"hr\",\"divider_style\":\"small\",\"divider_align\":\"center\",\"margin\":\"\"}},{\"name\":\"Lounaslista\",\"type\":\"description_list\",\"props\":{\"show_link\":false,\"layout\":\"grid-2-m\",\"list_size\":false,\"margin\":\"large\",\"show_title\":true,\"show_meta\":false,\"show_content\":true,\"width\":\"expand\",\"meta_style\":\"primary\",\"meta_align\":\"top-content\",\"leader\":false,\"gutter\":\"small\",\"breakpoint\":\"\",\"text_align\":\"\",\"link_style\":\"\",\"content_style\":\"\",\"margin_remove_top\":false,\"margin_remove_bottom\":false,\"maxwidth\":\"xlarge\",\"maxwidth_align\":\"center\",\"title_style\":\"strong\",\"title_colon\":false,\"title_color\":\"background\",\"list_style\":\"\"},\"children\":[{\"name\":\"\",\"type\":\"description_list_item\",\"props\":{\"title\":\"1. BOLOGNESE\",\"content\":\"\n\n<p>Tomaatti, juusto, jauheliha<\\\/p>\",\"meta\":\"\"}},{\"name\":\"\",\"type\":\"description_list_item\",\"props\":{\"title\":\"2. AL PROSCIUTTO\",\"content\":\"\n\n<p>Tomaatti, juusto, kinkku<\\\/p>\",\"meta\":\"11.00\"}},{\"name\":\"\",\"type\":\"description_list_item\",\"props\":{\"title\":\"3. SICILIANA\",\"content\":\"\n\n<p>Tomaatti, juusto, anjovis, oliivit,\\u00a0kapris, valkosipuli<\\\/p>\",\"meta\":\"11.00\"}},{\"name\":\"\",\"type\":\"description_list_item\",\"props\":{\"title\":\"4. OPERA\",\"content\":\"\n\n<p>Tomaatti, juusto, kinkku, tonnikala<\\\/p>\",\"meta\":\"11.00\"}},{\"name\":\"\",\"type\":\"description_list_item\",\"props\":{\"title\":\"5. CAPRICCIOSA\",\"content\":\"\n\n<p>Tomaatti, juusto, kinkku,\\u00a0herkkusienet<\\\/p>\",\"meta\":\"11.00\"}},{\"name\":\"\",\"type\":\"description_list_item\",\"props\":{\"title\":\"6. AI FUNGHI\",\"content\":\"\n\n<p>Tomaatti, juusto, herkkusienet<\\\/p>\",\"meta\":\"11.00\"}},{\"name\":\"\",\"type\":\"description_list_item\",\"props\":{\"title\":\"7. BUSSOLA\",\"content\":\"\n\n<p>Tomaatti, juusto, kinkku, katkaravut<\\\/p>\",\"meta\":\"11.00\"}},{\"name\":\"\",\"type\":\"description_list_item\",\"props\":{\"title\":\"8. NAPOLETANA\",\"content\":\"\n\n<p>Tomaatti, juusto, anjovis, oliivi<\\\/p>\",\"meta\":\"11.00\"}},{\"name\":\"\",\"type\":\"description_list_item\",\"props\":{\"title\":\"9. MARGHERITA\",\"content\":\"\n\n<p>Tomaatti, juusto<\\\/p>\",\"meta\":\"11.00\"}},{\"name\":\"\",\"type\":\"description_list_item\",\"props\":{\"title\":\"10. PESCATORE\",\"content\":\"\n\n<p>Tomaatti, juusto, tonnikala<\\\/p>\",\"meta\":\"11.00\"}},{\"name\":\"\",\"type\":\"description_list_item\",\"props\":{\"title\":\"11. PIZZA PAZZA\",\"content\":\"\n\n<p>Toinen puoli: tomaatti, kinkku<br \\\/>Toinen puoli: Juusto, katkaravut, simpukat<\\\/p>\",\"meta\":\"11.00\"}},{\"name\":\"\",\"type\":\"description_list_item\",\"props\":{\"title\":\"12. CACCIATORA\",\"content\":\"\n\n<p>Tomaatti, juusto, salami<\\\/p>\",\"meta\":\"11.00\"}},{\"name\":\"\",\"type\":\"description_list_item\",\"props\":{\"title\":\"13. FRUTTI DI MARE\",\"content\":\"\n\n<p>Tomaatti, juusto, tonnikala, katkaravut, simpukat<\\\/p>\",\"meta\":\"11.00\"}},{\"name\":\"\",\"type\":\"description_list_item\",\"props\":{\"title\":\"14. VEGETARIANA\",\"content\":\"\n\n<p>Tomaatti, juusto, herkkusienet, paprika, persilja, oliivi<\\\/p>\",\"meta\":\"11.00\"}},{\"name\":\"\",\"type\":\"description_list_item\",\"props\":{\"title\":\"15. ALLA TUOHIMAA\",\"content\":\"\n\n<p>Tomaatti, juusto, herkkusienet, katkaravut<\\\/p>\",\"meta\":\"11.00\"}},{\"name\":\"\",\"type\":\"description_list_item\",\"props\":{\"title\":\"16. O SOLE MIO\",\"content\":\"\n\n<p>Tomaatti, juusto, tonnikala, katkaravut, ananas<\\\/p>\",\"meta\":\"11.00\"}},{\"name\":\"\",\"type\":\"description_list_item\",\"props\":{\"title\":\"17. LA DOLCE VITA\",\"content\":\"\n\n<p>Tomaatti, juusto, kinkku, ananas, persikka<\\\/p>\",\"meta\":\"11.00\"}}]},{\"name\":\"\",\"type\":\"text\",\"props\":{\"column_breakpoint\":\"m\",\"margin\":\"large\",\"content\":\"\n\n<p>Lis\\u00e4tietoja tarjoiltavista annoksista sek\\u00e4 allergioita ja intoleransseja aiheuttavista aineista ja tuotteista saa henkil\\u00f6kunnalta.<br \\\/>(EU-asetus 1169\\\/2011)<\\\/p>\",\"text_align\":\"center\",\"text_align_breakpoint\":\"\",\"maxwidth\":\"large\",\"maxwidth_align\":\"center\",\"margin_remove_top\":true,\"text_size\":\"small\"}},{\"name\":\"\",\"type\":\"divider\",\"props\":{\"divider_element\":\"hr\",\"divider_style\":\"small\",\"divider_align\":\"center\"}}]}]},{\"name\":\"\",\"type\":\"row\",\"props\":{\"fixed_width\":\"large\",\"breakpoint\":\"m\",\"layout\":\"1-1\"},\"children\":[{\"name\":\"\",\"type\":\"column\",\"props\":{\"widths\":[\"1-1\"],\"image_position\":\"center-center\"}}]}]}]} --><\/p>\n","protected":false},"excerpt":{"rendered":"<p>Lounas Tarjoilemme lounasta tiistaista perjantaihin kello 11-15. Pizzalounaan hintaan kuuluu alkusalaatti, 0,33l virvoitusjuoma (hanajuoma) sek\u00e4 ruoan j\u00e4lkeen kahvi tai tee. Tilaamalla pizzat puhelimella etuk\u00e4teen varmistat nopean ruokailun. Tulostettava lounaslista Pizzalounaamme15,00\u20ac\u00a0 Lounaspizzat Tomaatti, juusto, jauheliha Tomaatti, juusto, kinkku Tomaatti, juusto, anjovis, oliivit,\u00a0kapris, valkosipuli Tomaatti, juusto, kinkku, tonnikala Tomaatti, juusto, kinkku,\u00a0herkkusienet Tomaatti, juusto, herkkusienet Tomaatti, juusto, kinkku, [&hellip;]<\/p>\n","protected":false},"author":1,"featured_media":0,"parent":0,"menu_order":6,"comment_status":"closed","ping_status":"closed","template":"","meta":{"footnotes":""},"class_list":["post-28","page","type-page","status-publish","hentry"],"_links":{"self":[{"href":"https:\/\/www.riviera.fi\/index.php?rest_route=\/wp\/v2\/pages\/28","targetHints":{"allow":["GET"]}}],"collection":[{"href":"https:\/\/www.riviera.fi\/index.php?rest_route=\/wp\/v2\/pages"}],"about":[{"href":"https:\/\/www.riviera.fi\/index.php?rest_route=\/wp\/v2\/types\/page"}],"author":[{"embeddable":true,"href":"https:\/\/www.riviera.fi\/index.php?rest_route=\/wp\/v2\/users\/1"}],"replies":[{"embeddable":true,"href":"https:\/\/www.riviera.fi\/index.php?rest_route=%2Fwp%2Fv2%2Fcomments&post=28"}],"version-history":[{"count":34,"href":"https:\/\/www.riviera.fi\/index.php?rest_route=\/wp\/v2\/pages\/28\/revisions"}],"predecessor-version":[{"id":745,"href":"https:\/\/www.riviera.fi\/index.php?rest_route=\/wp\/v2\/pages\/28\/revisions\/745"}],"wp:attachment":[{"href":"https:\/\/www.riviera.fi\/index.php?rest_route=%2Fwp%2Fv2%2Fmedia&parent=28"}],"curies":[{"name":"wp","href":"https:\/\/api.w.org\/{rel}","templated":true}]}}